pose -2*a + 100 = -200. What is the greatest common divisor of a and z?
15
Suppose -21*r - 487 + 1432 = 0. Suppose 0 = -5*l - 5*m + r, 24 = 4*l + m - 27. What is the greatest common factor of l and 2?
2
Suppose 2106 - 506 = -4*k. Let j be 15/10*k/(-12). Let v = j + -34. Calculate the greatest common factor of 48 and v.
16
Let x = 394 - -860. Let h = x - 606. What is the highest common divisor of h and 81?
81
Let r = 108 - 38. Let y be (8/32)/((-4)/(-176)) - -3. What is the highest common factor of r and y?
14
Let a = 475 + 14400. What is the greatest common factor of 125 and a?
125
Let r be (-5 - -5)*1/2. Let d be 0*2/(-10) - r. Suppose 4*f = 2*j - 28, -j - 2*f = -d*j - 34. What is the greatest common factor of j and 16?
8
Let j be 2/9 - 1208/9. Let c = j + 229. Let b be 0 + (c - 2) + 3. Calculate the greatest common divisor of 12 and b.
12
Suppose 82*v - 85*v + 8 = 2*r, -2*v = -5*r - 37. What is the highest common divisor of v and 634?
2
Suppose 4*w - 97566 = 2*c - 5*c, -97596 = -4*w + 2*c. Calculate the highest common divisor of 57 and w.
57
Let g be (-5)/(-5)*(15 + -15). Suppose j = -2*y - 3*y - 15, -j - 2*y = 3. Suppose 2*w + 8 = -g, j*w = 2*i - 66. What is the greatest common factor of 23 and i?
23
Let o = -234 + 244. Suppose -3*k = -o*k + 336. What is the greatest common divisor of 12 and k?
12
Suppose w - 5 = 0, -37*w + 39*w = -4*q + 38. Suppose -4*x - 4*z - 200 = -q*x, 4*x = -z + 235. Calculate the greatest common factor of x and 220.
20
Let t be -60*3*(-5)/25. Suppose 0 = 2*n - 2*m - 22, 12*n - 11*n + 5*m - 35 = 0. What is the highest common factor of t and n?
3
Let j = -349 + 387. Suppose -h + 9 = 2*h. Suppose h*p + 11 = j. What is the highest common divisor of p and 15?
3
Let t(j) = 4512*j + 9069. Let q be t(-2). Suppose -166 = -3*z - 46. What is the highest common divisor of z and q?
5
Let j = -4946 + 5084. Calculate the highest common factor of 1610 and j.
46
Let m = 590 + -599. Let x be ((-63)/m - 5)*12. What is the greatest common factor of x and 456?
24
Let y(v) = -210*v + 3814. Let g be y(14). Calculate the highest common factor of g and 92.
46
Let q be (-3 + 2)/(1 + (-64)/65). Let v = q + 71. Let x be (v/(-4))/((-10)/4 + 2). Calculate the greatest common divisor of x and 3.
3
Let n = 13005 + -12996. What is the greatest common divisor of 13014 and n?
9
Let h be -6 + (-1216)/(-208) - (1 + 3837/(-13)). What is the highest common divisor of h and 6027?
147
Let v(c) = -3*c**3 + 113*c**2 - 47*c + 15. Let z be v(37). What is the greatest common divisor of 6 and z?
6
Let o be (48/44)/(-3) - 876736/(-704). What is the highest common divisor of 3 and o?
3
Suppose -3 = -z + 24. Suppose -f + z = 25. Suppose -5*a = f*i - 145, -96 = -4*a + i + 33. What is the greatest common factor of a and 31?
31
Let l = 495 + -316. Let q = l + -23. What is the greatest common divisor of 39 and q?
39
Let x(t) = 57*t**2 + t + 2. Let j be x(2). Let d = 119 + j. Suppose -s + 488 = 4*g, -3*g + 3*s = -0*s - d. What is the greatest common factor of 22 and g?
11
Let v = 13 + -9. Suppose -u - 330 = -v*u. Let c(z) = 4*z**2 - 21*z + 4. Let r be c(6). What is the highest common divisor of r and u?
22
Let p(t) = 182*t - 222. Let r be p(2). What is the highest common divisor of r and 6603?
71
Suppose -2*q = -5*j + 15, 5*q - 7 - 38 = -4*j. Suppose 0 = -q*u + 28 + 247. What is the highest common factor of 880 and u?
55
Let i = 42784 - 33147. Calculate the greatest common divisor of 419 and i.
419
Let w be (12/14)/(12/(-14) + 1). Suppose w*b = 305 - 293. Calculate the highest common factor of b and 3.
1
Let d(u) = -u**3 + 20*u**2 + 18*u - 336. Let g be d(20). What is the highest common divisor of g and 366?
6
Let g = -9635 - -9691. Suppose 2*s + 5*p + 12 = 3*s, 3*p = s - 10. Calculate the highest common divisor of g and s.
7
Suppose -11 + 5 = -m. Suppose -m*z = -6 - 6. Let u = 27 + -17. What is the greatest common factor of z and u?
2
Let f = -1885 - -2857. What is the highest common factor of f and 372?
12
Let m be (-2 - -118)*4/(-8). Let b = m + 80. Suppose -12*s - 1550 = -b*s. Calculate the greatest common divisor of s and 31.
31
Suppose 0*z = 7*z + 126. Let x be (z/10)/(10/(-200)*4). Calculate the greatest common divisor of x and 15.
3
Suppose -2*k + 18 = -5*u + 25, 2*k + 4 = 4*u. Calculate the highest common factor of 668 and k.
4
Let x(t) = -2*t**3 + 3*t**2 + 4*t - 5. Let q be x(1). Suppose 5*j - 705 = -4*k - 0*j, -3*k + 4*j + 521 = q. Calculate the highest common factor of k and 50.
25
Let t = -197 + 341. Let g = t + -50. Let n = -83 + g. Calculate the highest common divisor of 11 and n.
11
Let v(c) = -2*c**2 + 11*c + 32. Let k be v(7). Suppose 2119 - 7927 = -k*b. What is the greatest common divisor of 48 and b?
48
Let m = 2605 + -1723. Suppose -4*g + 175 = -35 + 42. Calculate the greatest common divisor of m and g.
42
Let a = -74 + 720. Let d = 656 - a. Let x be (-17)/(-1) - 2*1. Calculate the greatest common factor of x and d.
5
Suppose -104 = q + t + t, 291 = -3*q + t. Let y = 215 + q. Calculate the highest common factor of 9 and y.
9
Suppose 391*o - 355*o + 7908 - 41964 = 0. What is the greatest common divisor of o and 154?
22
Suppose -20 = -3*g - 2. Suppose 20 - 2 = -2*z. Let l(r) = -r**3 - 9*r**2 + 2*r + 30. Let t be l(z). Calculate the greatest common factor of g and t.
6
Let h be (-176)/(-5)*(-35955)/(-306). What is the highest common factor of h and 440?
88
Suppose -2*q + 11 = -q. Let d be (2/4)/((-27)/108*-2). Calculate the greatest common factor of d and q.
1
Let j be 684 + -1 + 3 + 4. Calculate the greatest common factor of j and 570.
30
Let f = -292 + 227. Let y = -62 - f. Suppose 5*u = u + 24. What is the greatest common factor of u and y?
3
Let y(b) = b**3 + 55*b**2 + 112*b + 324. Let n be y(-53). Suppose -4*x = -3*h + 6 - 561, -2*x + 278 = -2*h. Calculate the greatest common divisor of x and n.
6
Let p = 2017 + -1394. What is the greatest common divisor of p and 154?
7
Let o be 61 - -574 - (2 - (0 - -5)). What is the highest common divisor of 1334 and o?
58
Suppose -3*v - 509 = -410. Suppose 4*q = 7*q - 666. Let h = q + v. Calculate the highest common divisor of 27 and h.
27
Suppose -5*r = 3*m - 47, -r - 74 + 15 = -3*m. Suppose 10*q - 1044 = -m*q. What is the highest common divisor of q and 6?
6
Let k(h) = -23*h + 8 - 22*h - 2*h**2 - 5 + 49*h. Let l be k(5). Let c = l + 42. Calculate the greatest common factor of c and 195.
15
Suppose -10*b + 12792 = 10*b + 21*b. What is the greatest common divisor of b and 792?
24
Let l be (2/(-4))/((-40)/160). Suppose 61 = m - 5*q - 390, -l*q - 4 = 0. What is the highest common factor of m and 63?
63
Let n be 1008/441 + -3 + 76/28. What is the greatest common divisor of n and 598?
2
Suppose -6*i = -n + 231, 3*i = -24*n + 26*n - 480. Calculate the highest common divisor of n and 3.
3
Let m = -1060 + 2004. Suppose 0 = -2*t + 4*f + m, -6*t = -4*t + 4*f - 928. Calculate the highest common divisor of 52 and t.
52
Let q(g) be the second derivative of g**4/12 + 19*g**3/6 + 3*g**2/2 + 36*g. Let b be q(-13). Let c = b - -89. Calculate the highest common divisor of c and 7.
7
Let m(u) = u**3 - 17*u**2 - 55*u + 107. Let q be m(20). Calculate the greatest common divisor of q and 216.
9
Suppose 27 = 3*p + 3*b, 2*p - b = 11 + 1. Suppose 1155 = -p*o + 22*o. What is the highest common factor of 21 and o?
7
Let h = -3969 - -4736. Calculate the greatest common factor of 2065 and h.
59
Let u(x) = 2*x**2 + 144*x + 880. Let d be u(0). What is the greatest common factor of d and 6710?
110
Let g(p) = -2*p + 89. Let y be g(-8). Let j = -83 + y. Calculate the highest common factor of 18 and j.
2
Let d(l) = -77*l + 9562. Let k be d(122). Suppose -4*r + 256 = -2*r - 4*w, -r = -w - 127. Calculate the highest common factor of r and k.
42
Let j be 0/(0/(-1) - -2). Suppose -2*b + 0*b + 80 = j. Let k = 845 - 829. What is the highest common divisor of k and b?
8
Suppose 0 = 3*p + k - 1806, -15*k + 2442 = 4*p - 8*k. Calculate the greatest common divisor of p and 5000.
200
Let z = -102 - -66. Let b be (2/2)/((-2)/z). Let y = 1353 - 1263. What is the greatest common divisor of y and b?
18
Let a = 6347 + -6324. Calculate the highest common factor of 2139 and a.
23
Let k be (-4)/8*(0 - 446). Let r = 233 - k. What is the highest common divisor o